base 8, what is 1 - -402005?
402006
In base 12, what is -13815 + -2?
-13817
In base 15, what is -31 - 77b3?
-77e4
In base 15, what is 0 + -74?
-74
In base 2, what is 111000000 - -10111111?
1001111111
In base 15, what is c - 46c3?
-46b6
In base 9, what is -11260852 - 2?
-11260854
In base 5, what is -210110 + 414?
-204141
In base 11, what is -1329 - 11?
-133a
In base 2, what is -10110110010001011 - 10?
-10110110010001101
In base 6, what is -4044303 + 3?
-4044300
In base 3, what is 1112220022 - 0?
1112220022
In base 13, what is -2880 + 14?
-2869
In base 6, what is 10 - 34421?
-34411
In base 14, what is 0 + 237c72?
237c72
In base 8, what is 5422 - -32?
5454
In base 7, what is -4 + -631352?
-631356
In base 10, what is 1 + -263777?
-263776
In base 13, what is 2 + -7088?
-7086
In base 8, what is -1640000 + 2?
-1637776
In base 2, what is 10000 - 10011001000110100?
-10011001000100100
In base 7, what is 5 - 5130154?
-5130146
In base 3, what is -1212012212 - -12?
-1212012200
In base 5, what is -320 - -10124?
4304
In base 8, what is 3 + 64173?
64176
In base 7, what is 1115 - 553?
232
In base 5, what is 13300443 - 0?
13300443
In base 13, what is -34 + 96c?
938
In base 9, what is 173425 + 3?
173428
In base 13, what is 83 + 11b?
1a1
In base 3, what is 1211221110 - -20?
1211221200
In base 4, what is -10100203 - -130?
-10100013
In base 7, what is -11 - 10405?
-10416
In base 5, what is -212 - -10140?
4423
In base 9, what is 3058 - 87?
2861
In base 4, what is -20322002 - -10?
-20321332
In base 7, what is -552 - -440?
-112
In base 6, what is 2314 + -42?
2232
In base 4, what is 10 + -2223033123?
-2223033113
In base 11, what is -27960 + -4?
-27964
In base 3, what is -121 - 110221101?
-110221222
In base 9, what is -30 + -76862?
-77002
In base 13, what is 7b6149 + -2?
7b6147
In base 9, what is -268 + -1427?
-1706
In base 2, what is -101001000001110 + -11101010?
-101001011111000
In base 5, what is -10010 + -1130?
-11140
In base 8, what is -16 + -62535?
-62553
In base 16, what is 1 + 1e2fc?
1e2fd
In base 4, what is 101213 - -21132?
123011
In base 10, what is 1 - -29866?
29867
In base 3, what is -2121020020121 + 10?
-2121020020111
In base 14, what is 29 + -1?
28
In base 3, what is 10 + 221001211?
221001221
In base 12, what is -182a + -21?
-184b
In base 16, what is -1a4 - -5d?
-147
In base 4, what is -3121133 - 1111?
-3122310
In base 14, what is -3 - 28dc35?
-28dc38
In base 2, what is -1 + 11101110110011111?
11101110110011110
In base 11, what is -108317 + -5?
-108321
In base 4, what is 33330 + -303321?
-203331
In base 4, what is -312112221 + 3?
-312112212
In base 12, what is 2461 + 67?
2508
In base 11, what is -9 - -a1?
93
In base 10, what is 743209 - -12?
743221
In base 10, what is -283 + 5513?
5230
In base 4, what is 1320010 - 13?
1313331
In base 9, what is 1036883 + -5?
1036877
In base 7, what is -1245 + -110?
-1355
In base 13, what is -1 - -93806?
93805
In base 9, what is 15 + -424706?
-424681
In base 9, what is -16 + -6255?
-6272
In base 9, what is 317 - -320?
637
In base 13, what is 7 + 1409c?
140a6
In base 10, what is 3 - 3667?
-3664
In base 3, what is 2012220 - -2012020?
11102010
In base 7, what is 21 + 10114?
10135
In base 13, what is 73675 - 3?
73672
In base 3, what is 10122 - -10010?
20202
In base 4, what is -11 - 11211012220?
-11211012231
In base 11, what is -1 + -10452?
-10453
In base 11, what is -120 + -119?
-239
In base 13, what is -458c1 + -5?
-458c6
In base 4, what is -22312 + 11333?
-10313
In base 5, what is 11 + -1211?
-1200
In base 4, what is -1321 - 111203?
-113130
In base 11, what is 391 + -15?
377
In base 12, what is 28a - -233?
501
In base 15, what is 20c36 - -1?
20c37
In base 16, what is -2660 + 1?
-265f
In base 6, what is 43 + -4045?
-4002
In base 8, what is 17 - -352316?
352335
In base 8, what is 5 + -5544?
-5537
In base 12, what is 39a + -b?
38b
In base 16, what is -84 + -ef?
-173
In base 3, what is 11220 + 1112?
20102
In base 2, what is 1000 + 101010101110?
101010110110
In base 13, what is -2 - -17a37?
17a35
In base 2, what is -110011011 - 11011011?
-1001110110
In base 9, what is -132125 + 5?
-132120
In base 14, what is -166 - 18?
-180
In base 12, what is -4 - 23535?
-23539
In base 12, what is -53 + 2b6?
263
In base 10, what is 198 + 701?
899
In base 13, what is 2 + 60487?
60489
In base 14, what is -31766 + -1c?
-31784
In base 11, what is 129918 + -2?
129916
In base 14, what is 1253 + -13?
1240
In base 12, what is 2a8a - 57?
2a33
In base 11, what is 3150306 - 1?
3150305
In base 9, what is 3067 + -1135?
1832
In base 12, what is -8 - 2917?
-2923
In base 13, what is 1349c + -8?
13494
In base 11, what is 5 - -1a391?
1a396
In base 2, what is -100110101 + -1100001111011?
-1100110110000
In base 6, what is -35220554 - 4?
-35221002
In base 4, what is -330210001 + 11?
-330203330
In base 2, what is -101010100001 - -111000110?
-100011011011
In base 12, what is -1217a + 2?
-12178
In base 6, what is 2443 - -55?
2542
In base 6, what is 1005 + -124?
441
In base 4, what is 11 - -2310210?
2310221
In base 3, what is -20021210 - 102110?
-20201020
In base 3, what is -1201001200 + 2?
-1201001121
In base 15, what is b1a3c + 2?
b1a3e
In base 15, what is 298 - -28d?
536
In base 12, what is 65361 - 4?
65359
In base 8, what is 152174 + 3?
152177
In base 10, what is -328769 + -5?
-328774
In base 6, what is 4 - -313025?
313033
In base 16, what is -16 - 727b?
-7291
In base 4, what is 201311201230 - 11?
201311201213
In base 3, what is 11 + -1112101122?
-1112101111
In base 10, what is 44610 + 2?
44612
In base 14, what is 1 + -3dc6?
-3dc5
In base 7, what is 63664 - -3?
64000
In base 6, what is -4 + -15112300?
-15112304
In base 9, what is 348 - -756?
1215
In base 12, what is 4009 + -4?
4005
In base 6, what is -103150 - 1520?
-105110
In base 2, what is 101 + -110011111011110111?
-110011111011110010
In base 5, what is 12121320 - -3?
12121323
In base 16, what is -32a71 + -3?
-32a74
In base 16, what is -1 + -a4a2b?
-a4a2c
In base 12, what is -3b807 + 15?
-3b7b2
In base 7, what is 36614 - -340?
40254
In base 13, what is -2397 - 8?
-23a2
In base 6, what is 0 - 502455?
-502455
In base 10, what is 0 + -29031?
-29031
In base 4, what is -11 - -3213300?
3213223
In base 12, what is 669 - 65?
604
In base 15, what is -3d8 + -d2?
-4ba
In base 12, what is 1a98a + -38?
1a952
In base 6, what is 5 - 325550?
-325541
In base 8, what is 2 + 13633?
13635
In base 2, what is -10111001 - -11110011?
111010
In base 7, what is 1 + -6060125?
-6060124
In base 5, what is 12 + -444344?
-444332
In base 15, what is -cae - 5?
-cb4
In base 13, what is 10a - -204?
311
In base 15, what is -2 + -8e50?
-8e52
In base 2, what is 101000110101001 - 100?
101000110100101
In base 16, what is 31c + 21?
33d
In base 2, what is -101 - 1000111111?
-1001000100
In base 12, what is 158a4 - -5?
158a9
In base 2, what is -101 + -101110010001111?
-101110010010100
In base 5, what is -4 + 11433423?
11433414
In base 10, what is -1 + 168848?
168847
In base 9, what is -3456 + -188?
-3655
In base 10, what is 7178 - 65?
7113
In base 9, what is 105652 + 2?
105654
In base 6, what is -23011552 - 1?
-23011553
In base 14, what is -6c + 167?
d9
In base 16, what is -6 + -56b7?
-56bd
In base 5, what is -4 + 2001233?
2001224
In base 8, what is 1111 + 31?
1142
In base 4, what is -1110210021 + 11?
-1110210010
In base 7, what is 1402 - 2321?
-616
In base 6, what is -1410 - -2?
-1404
In base 15, what is 1 - -36b5e?
36b60
In base 6, what is 30354 + -421?
25533
In base 16, what is 0 - 504?
-504
In base 8, what is -1624 - -635?
-767
In base 8, what is 31361 + -13?
31346
In base 10, what is -195 - -18?
-177
In base 7, what is 13134 - 133?
13001
In base 13, what is -4 - 12ba5?
-12ba9
In base 10, what is -7 + 1018?
1011
In base 15, what is 1d - 5?
18
In base 12, what is 41 - 1295?
-1254
In base 15, what is -b53 - 94?
-be7
In base 8, what is -247636 - -4?
-247632
In base 16, what is -3d0 - 1d?
-3ed
In base 3, what is -101112210 + 1211?
-101110222
In base 16, what is -4 + 1ac5d2?
1ac5ce
In base 15, what is 1b - 3bc?
-3a1
In base 9, what is 320245 - -4?
320250
In base 5, what is 204 + -1134241?
-1134032
In base 15, what is 14 + d2a?
d3e
In base 13, what is 9b9 + 24?
a10
In base 7, what is -5424 - 4?
-5431
In base 12, what is -b0 - -366?
276
In base 13, what 